 remainder when 4491327 is divided by 513.
12
What is the remainder when 297361 is divided by 24777?
37
What is the remainder when 12791307 is divided by 1827324?
39
Calculate the remainder when 57834438 is divided by 28917214.
10
Calculate the remainder when 376991 is divided by 183.
11
What is the remainder when 182587 is divided by 13035?
97
Calculate the remainder when 432977397 is divided by 12.
9
Calculate the remainder when 354831 is divided by 122.
55
Calculate the remainder when 91314 is divided by 49.
27
Calculate the remainder when 308190 is divided by 308146.
44
What is the remainder when 2107054 is divided by 14?
12
What is the remainder when 7316596 is divided by 261307?
0
What is the remainder when 7021037 is divided by 1003004?
9
Calculate the remainder when 76309 is divided by 187.
13
What is the remainder when 3950837 is divided by 618?
581
Calculate the remainder when 317851 is divided by 3211.
3173
What is the remainder when 872797302 is divided by 34?
30
What is the remainder when 38335109 is divided by 53?
50
Calculate the remainder when 18008034 is divided by 1175.
1159
What is the remainder when 91769 is divided by 45859?
51
Calculate the remainder when 104155424 is divided by 55.
54
Calculate the remainder when 2096871 is divided by 6.
3
Calculate the remainder when 65485 is divided by 1112.
989
What is the remainder when 4866 is divided by 2291?
284
Calculate the remainder when 611485 is divided by 152781.
361
What is the remainder when 207089 is divided by 544?
369
What is the remainder when 6513635 is divided by 13266?
29
What is the remainder when 4961562 is divided by 4961562?
0
What is the remainder when 10586843 is divided by 188?
187
What is the remainder when 892913 is divided by 254?
103
What is the remainder when 661630 is divided by 406?
256
Calculate the remainder when 437714 is divided by 218855.
4
What is the remainder when 28969479 is divided by 413?
7
What is the remainder when 1127293 is divided by 369?
367
Calculate the remainder when 15944 is divided by 3936.
200
What is the remainder when 1640580 is divided by 14524?
13892
Calculate the remainder when 7741030 is divided by 172.
170
What is the remainder when 1079387 is divided by 120?
107
What is the remainder when 358964 is divided by 119621?
101
Calculate the remainder when 230673299 is divided by 1897.
1893
Calculate the remainder when 110851 is divided by 341.
26
Calculate the remainder when 4237815 is divided by 109.
4
Calculate the remainder when 67614020 is divided by 203.
201
Calculate the remainder when 46362853 is divided by 86.
81
What is the remainder when 2962520 is divided by 196?
176
Calculate the remainder when 290792 is divided by 290659.
133
Calculate the remainder when 1801155 is divided by 16374.
15
Calculate the remainder when 257364273 is divided by 39.
36
What is the remainder when 76252 is divided by 885?
142
What is the remainder when 109556643 is divided by 245?
238
What is the remainder when 15193987 is divided by 51331?
11
Calculate the remainder when 101009 is divided by 33655.
44
What is the remainder when 133714 is divided by 64592?
4530
Calculate the remainder when 12007 is divided by 9079.
2928
What is the remainder when 27361108 is divided by 91?
47
What is the remainder when 4017604 is divided by 516?
28
What is the remainder when 3862992 is divided by 34?
14
Calculate the remainder when 5433337 is divided by 110.
107
Calculate the remainder when 1755244 is divided by 58508.
4
What is the remainder when 2687 is divided by 611?
243
What is the remainder when 341844 is divided by 85455?
24
Calculate the remainder when 213863 is divided by 1605.
398
What is the remainder when 64408 is divided by 16022?
320
Calculate the remainder when 28040 is divided by 5554.
270
What is the remainder when 178685156 is divided by 846849?
17
Calculate the remainder when 69852820 is divided by 1936.
4
Calculate the remainder when 172384 is divided by 80.
64
What is the remainder when 26570 is divided by 22769?
3801
What is the remainder when 1038387 is divided by 519188?
11
What is the remainder when 513429 is divided by 946?
697
Calculate the remainder when 368208 is divided by 2940.
708
Calculate the remainder when 441677878 is divided by 37.
35
Calculate the remainder when 19777351 is divided by 56.
55
What is the remainder when 33077070 is divided by 56?
54
What is the remainder when 103347197 is divided by 128?
125
What is the remainder when 7643557 is divided by 177?
166
Calculate the remainder when 3529193 is divided by 346.
339
Calculate the remainder when 997392 is divided by 134.
30
Calculate the remainder when 2041192 is divided by 43.
25
Calculate the remainder when 67597 is divided by 16648.
1005
Calculate the remainder when 5405866 is divided by 31799.
36
Calculate the remainder when 33634823 is divided by 222747.
26
What is the remainder when 1182492 is divided by 5972?
36
What is the remainder when 700621 is divided by 1317?
1294
Calculate the remainder when 123204470 is divided by 1344.
1334
Calculate the remainder when 26261888 is divided by 1045.
1038
Calculate the remainder when 294202 is divided by 593.
74
Calculate the remainder when 787500907 is divided by 11095.
11092
Calculate the remainder when 632561 is divided by 16646.
13
What is the remainder when 3839547 is divided by 11065?
11057
What is the remainder when 36886196 is divided by 139?
44
What is the remainder when 11231 is divided by 6298?
4933
What is the remainder when 130861 is divided by 43598?
67
What is the remainder when 396643 is divided by 4054?
3405
Calculate the remainder when 724954 is divided by 8881.
5593
Calculate the remainder when 1841249 is divided by 1035.
1019
What is the remainder when 1352503 is divided by 5906?
29
Calculate the remainder when 297919 is divided by 59574.
49
What is the remainder when 192477 is divided by 1551?
153
What is the remainder when 101941 is divided by 251?
35
Calculate the remainder when 667492 is divided by 77.
56
Calculate the remainder when 24581 is divided by 230.
201
Calculate the remainder when 442304 is divided by 849.
824
What is the remainder when 72728 is divided by 72679?
49
What is the remainder when 201400260 is divided by 6655?
6650
Calculate the remainder when 13661571 is divided by 130.
1
What is the remainder when 383734 is divided by 54808?
78
Calculate the remainder when 523009 is divided by 675.
559
Calculate the remainder when 6817627 is divided by 200518.
15
What is the remainder when 375085 is divided by 220?
205
Calculate the remainder when 105207 is divided by 1087.
855
What is the remainder when 106824 is divided by 50579?
5666
Calculate the remainder when 9674249 is divided by 46288.
57
Calculate the remainder when 224242615 is divided by 1869.
1864
What is the remainder when 12133338 is divided by 502?
500
What is the remainder when 892566163 is divided by 173?
170
What is the remainder when 2471734 is divided by 7839?
2449
Calculate the remainder when 292033 is divided by 58351.
278
What is the remainder when 18986971 is divided by 9?
4
What is the remainder when 1140120 is divided by 650?
20
What is the remainder when 3752905 is divided by 8378?
7939
Calculate the remainder when 1134711 is divided by 36.
27
Calculate the remainder when 275671 is divided by 68916.
7
Calculate the remainder when 30300 is divided by 1923.
1455
Calculate the remainder when 75793 is divided by 1324.
325
Calculate the remainder when 344453 is divided by 1793.
197
Calculate the remainder when 2036092 is divided by 2036065.
27
Calculate the remainder when 2708619 is divided by 541722.
9
What is the remainder when 163087127 is divided by 94763?
4
What is the remainder when 4169997 is divided by 264?
117
What is the remainder when 1299606 is divided by 219?
60
Calculate the remainder when 2667889 is divided by 9.
1
What is the remainder when 1658452 is divided by 110562?
22
Calculate the remainder when 505869 is divided by 168445.
534
What is the remainder when 249059 is divided by 3723?
3341
Calculate the remainder when 112134 is divided by 3854.
368
Calculate the remainder when 18812 is divided by 161.
136
Calculate the remainder when 170190 is divided by 510.
360
Calculate the remainder when 426